 when 93 is divided by 16?
13
What is the remainder when 52 is divided by 5?
2
Calculate the remainder when 2885 is divided by 951.
32
Calculate the remainder when 59 is divided by 48.
11
What is the remainder when 2384 is divided by 476?
4
Calculate the remainder when 899 is divided by 18.
17
What is the remainder when 838 is divided by 14?
12
Calculate the remainder when 110 is divided by 57.
53
What is the remainder when 557 is divided by 33?
29
What is the remainder when 173 is divided by 44?
41
Calculate the remainder when 2126 is divided by 2124.
2
What is the remainder when 320 is divided by 318?
2
What is the remainder when 1468 is divided by 98?
96
What is the remainder when 1717 is divided by 34?
17
What is the remainder when 3694 is divided by 12?
10
Calculate the remainder when 8817 is divided by 28.
25
What is the remainder when 272 is divided by 34?
0
What is the remainder when 371 is divided by 112?
35
What is the remainder when 757 is divided by 248?
13
Calculate the remainder when 200 is divided by 41.
36
What is the remainder when 2981 is divided by 273?
251
What is the remainder when 7199 is divided by 36?
35
What is the remainder when 417 is divided by 12?
9
What is the remainder when 1376 is divided by 450?
26
What is the remainder when 2914 is divided by 27?
25
Calculate the remainder when 2080 is divided by 139.
134
What is the remainder when 109 is divided by 37?
35
What is the remainder when 177 is divided by 12?
9
Calculate the remainder when 307 is divided by 78.
73
Calculate the remainder when 1444 is divided by 1429.
15
Calculate the remainder when 955 is divided by 80.
75
What is the remainder when 17 is divided by 6?
5
What is the remainder when 738 is divided by 5?
3
Calculate the remainder when 123 is divided by 55.
13
Calculate the remainder when 77 is divided by 16.
13
Calculate the remainder when 1185 is divided by 54.
51
Calculate the remainder when 80 is divided by 12.
8
Calculate the remainder when 1746 is divided by 218.
2
Calculate the remainder when 25721 is divided by 59.
56
What is the remainder when 385 is divided by 97?
94
What is the remainder when 205 is divided by 10?
5
Calculate the remainder when 344 is divided by 118.
108
Calculate the remainder when 170 is divided by 8.
2
What is the remainder when 2711 is divided by 160?
151
What is the remainder when 63 is divided by 22?
19
Calculate the remainder when 62 is divided by 11.
7
Calculate the remainder when 290 is divided by 155.
135
Calculate the remainder when 1622 is divided by 232.
230
Calculate the remainder when 1366 is divided by 76.
74
Calculate the remainder when 989 is divided by 154.
65
Calculate the remainder when 156 is divided by 55.
46
What is the remainder when 213 is divided by 31?
27
What is the remainder when 116 is divided by 108?
8
Calculate the remainder when 103 is divided by 35.
33
Calculate the remainder when 2023 is divided by 674.
1
What is the remainder when 609 is divided by 191?
36
Calculate the remainder when 358 is divided by 28.
22
Calculate the remainder when 850 is divided by 26.
18
What is the remainder when 2310 is divided by 382?
18
What is the remainder when 130 is divided by 66?
64
Calculate the remainder when 52 is divided by 14.
10
Calculate the remainder when 196 is divided by 98.
0
Calculate the remainder when 2592 is divided by 514.
22
Calculate the remainder when 152 is divided by 14.
12
Calculate the remainder when 164 is divided by 88.
76
What is the remainder when 9393 is divided by 29?
26
What is the remainder when 288 is divided by 49?
43
What is the remainder when 296 is divided by 77?
65
What is the remainder when 77 is divided by 41?
36
Calculate the remainder when 100 is divided by 17.
15
Calculate the remainder when 744 is divided by 242.
18
What is the remainder when 118 is divided by 67?
51
What is the remainder when 155 is divided by 36?
11
Calculate the remainder when 304 is divided by 79.
67
Calculate the remainder when 939 is divided by 230.
19
What is the remainder when 236 is divided by 75?
11
What is the remainder when 219 is divided by 13?
11
What is the remainder when 1970 is divided by 326?
14
Calculate the remainder when 19354 is divided by 35.
34
What is the remainder when 232 is divided by 117?
115
Calculate the remainder when 4 is divided by 4.
0
Calculate the remainder when 3211 is divided by 22.
21
Calculate the remainder when 478 is divided by 6.
4
Calculate the remainder when 324 is divided by 62.
14
What is the remainder when 818 is divided by 13?
12
What is the remainder when 347 is divided by 59?
52
Calculate the remainder when 261 is divided by 30.
21
What is the remainder when 307 is divided by 3?
1
What is the remainder when 2283 is divided by 1137?
9
What is the remainder when 902 is divided by 43?
42
Calculate the remainder when 183 is divided by 11.
7
Calculate the remainder when 3526 is divided by 49.
47
What is the remainder when 78 is divided by 51?
27
Calculate the remainder when 3591 is divided by 226.
201
Calculate the remainder when 1100 is divided by 3.
2
What is the remainder when 109 is divided by 17?
7
What is the remainder when 25469 is divided by 16?
13
Calculate the remainder when 4144 is divided by 39.
10
Calculate the remainder when 1375 is divided by 85.
15
What is the remainder when 363 is divided by 345?
18
What is the remainder when 1595 is divided by 21?
20
What is the remainder when 71 is divided by 8?
7
What is the remainder when 43 is divided by 15?
13
What is the remainder when 460 is divided by 138?
46
Calculate the remainder when 16 is divided by 4.
0
What is the remainder when 2097 is divided by 21?
18
What is the remainder when 211 is divided by 5?
1
Calculate the remainder when 937 is divided by 10.
7
Calculate the remainder when 89 is divided by 29.
2
What is the remainder when 183 is divided by 180?
3
Calculate the remainder when 2381 is divided by 394.
17
What is the remainder when 117 is divided by 20?
17
What is the remainder when 1047 is divided by 36?
3
Calculate the remainder when 712 is divided by 33.
19
What is the remainder when 69 is divided by 53?
16
Calculate the remainder when 332 is divided by 145.
42
Calculate the remainder when 575 is divided by 139.
19
Calculate the remainder when 394 is divided by 20.
14
Calculate the remainder when 12958 is divided by 9.
7
Calculate the remainder when 1269 is divided by 71.
62
Calculate the remainder when 2699 is divided by 100.
99
Calculate the remainder when 437 is divided by 145.
2
Calculate the remainder when 889 is divided by 113.
98
Calculate the remainder when 62 is divided by 8.
6
Calculate the remainder when 89 is divided by 4.
1
What is the remainder when 256 is divided by 247?
9
What is the remainder when 286 is divided by 17?
14
What is the remainder when 4850 is divided by 23?
20
Calculate the remainder when 284 is divided by 34.
12
What is the remainder when 137 is divided by 20?
17
Calculate the remainder when 2203 is divided by 29.
28
Calculate the remainder when 764 is divided by 17.
16
What is the remainder when 63 is divided by 4?
3
Calculate the remainder when 554 is divided by 62.
58
Calculate the remainder when 268 is divided by 108.
52
Calculate the remainder when 1434 is divided by 157.
21
What is the remainder when 110 is divided by 10?
0
Calculate the remainder when 39 is divided by 11.
6
What is the remainder when 303 is divided by 31?
24
Calculate the remainder when 137 is divided by 10.
7
Calculate the remainder when 495 is divided by 84.
75
Calculate the remainder when 1068 is divided by 51.
48
Calculate the remainder when 244 is divided by 19.
16
What is the remainder when 7928 is divided by 61?
59
Calculate the remainder when 473 is divided by 59.
1
What is the remainder when 333 is divided by 33?
3
Calculate the remainder when 50 is divided by 2.
0
What is the remainder when 11653 is divided by 188?
185
Calculate the remainder when 455 is divided by 65.
0
What is the remainder when 96 is divided by 32?
0
What is the remainder when 362 is divided by 84?
26
What is the remainder when 1845 is divided by 14?
11
Calculate the remainder when 2805 is divided by 53.
49
What is the remainder when 138 is divided by 13?
8
Calculate the remainder when